{"id":2306,"date":"2025-10-23T09:01:50","date_gmt":"2025-10-23T12:01:50","guid":{"rendered":"https:\/\/grupoaspas.com\/?page_id=2306"},"modified":"2026-03-09T14:25:42","modified_gmt":"2026-03-09T17:25:42","slug":"equipe","status":"publish","type":"page","link":"https:\/\/grupoaspas.com\/?page_id=2306","title":{"rendered":"Equipe"},"content":{"rendered":"\t\t<div data-elementor-type=\"wp-page\" data-elementor-id=\"2306\" class=\"elementor elementor-2306\" data-elementor-post-type=\"page\">\n\t\t\t\t<div class=\"elementor-element elementor-element-f0913db e-flex e-con-boxed e-con e-parent\" data-id=\"f0913db\" data-element_type=\"container\" data-settings=\"{&quot;background_background&quot;:&quot;classic&quot;}\">\n\t\t\t\t\t<div class=\"e-con-inner\">\n\t\t\t\t<div class=\"elementor-element elementor-element-ac01f0e elementor-grid-4 elementor-grid-tablet-2 elementor-grid-mobile-1 elementor-posts--thumbnail-top elementor-widget elementor-widget-posts\" data-id=\"ac01f0e\" data-element_type=\"widget\" data-settings=\"{&quot;classic_columns&quot;:&quot;4&quot;,&quot;pagination_type&quot;:&quot;load_more_infinite_scroll&quot;,&quot;classic_columns_tablet&quot;:&quot;2&quot;,&quot;classic_columns_mobile&quot;:&quot;1&quot;,&quot;classic_row_gap&quot;:{&quot;unit&quot;:&quot;px&quot;,&quot;size&quot;:35,&quot;sizes&quot;:[]},&quot;classic_row_gap_tablet&quot;:{&quot;unit&quot;:&quot;px&quot;,&quot;size&quot;:&quot;&quot;,&quot;sizes&quot;:[]},&quot;classic_row_gap_mobile&quot;:{&quot;unit&quot;:&quot;px&quot;,&quot;size&quot;:&quot;&quot;,&quot;sizes&quot;:[]},&quot;load_more_spinner&quot;:{&quot;value&quot;:&quot;fas fa-spinner&quot;,&quot;library&quot;:&quot;fa-solid&quot;}}\" data-widget_type=\"posts.classic\">\n\t\t\t\t<div class=\"elementor-widget-container\">\n\t\t\t\t\t\t\t<div class=\"elementor-posts-container elementor-posts elementor-posts--skin-classic elementor-grid\">\n\t\t\t\t<article class=\"elementor-post elementor-grid-item post-141 post type-post status-publish format-standard has-post-thumbnail hentry category-pesquisadores\">\n\t\t\t\t<a class=\"elementor-post__thumbnail__link\" href=\"https:\/\/grupoaspas.com\/?p=141\" tabindex=\"-1\" >\n\t\t\t<div class=\"elementor-post__thumbnail\"><img fetchpriority=\"high\" decoding=\"async\" width=\"300\" height=\"300\" src=\"https:\/\/grupoaspas.com\/wp-content\/uploads\/2024\/10\/george-300x300.jpg\" class=\"attachment-medium size-medium wp-image-386\" alt=\"\" srcset=\"https:\/\/grupoaspas.com\/wp-content\/uploads\/2024\/10\/george-300x300.jpg 300w, https:\/\/grupoaspas.com\/wp-content\/uploads\/2024\/10\/george-1024x1024.jpg 1024w, https:\/\/grupoaspas.com\/wp-content\/uploads\/2024\/10\/george-150x150.jpg 150w, https:\/\/grupoaspas.com\/wp-content\/uploads\/2024\/10\/george-768x768.jpg 768w, https:\/\/grupoaspas.com\/wp-content\/uploads\/2024\/10\/george.jpg 1181w\" sizes=\"(max-width: 300px) 100vw, 300px\" \/><\/div>\n\t\t<\/a>\n\t\t\t\t<div class=\"elementor-post__text\">\n\t\t\t\t<h3 class=\"elementor-post__title\">\n\t\t\t<a href=\"https:\/\/grupoaspas.com\/?p=141\" >\n\t\t\t\tGeorge Valen\u00e7a\t\t\t<\/a>\n\t\t<\/h3>\n\t\t\t\t<div class=\"elementor-post__meta-data\">\n\t\t\t\t\t<span class=\"elementor-post-date\">\n\t\t\t27 de outubro de 2024\t\t<\/span>\n\t\t\t\t<\/div>\n\t\t\t\t<div class=\"elementor-post__excerpt\">\n\t\t\t<p>Professor do Departamento de Computa\u00e7\u00e3o da UFRPE e l\u00edder do ASPAS. Coordenador de conv\u00eanios de pesquisa com o Instituto Alana (design manipulativo na educa\u00e7\u00e3o) e TCE-PE (transforma\u00e7\u00e3o digital e inova\u00e7\u00e3o).<\/p>\n\t\t<\/div>\n\t\t\t\t<\/div>\n\t\t\t\t<\/article>\n\t\t\t\t<article class=\"elementor-post elementor-grid-item post-154 post type-post status-publish format-standard has-post-thumbnail hentry category-pesquisadores\">\n\t\t\t\t<a class=\"elementor-post__thumbnail__link\" href=\"https:\/\/grupoaspas.com\/?p=154\" tabindex=\"-1\" >\n\t\t\t<div class=\"elementor-post__thumbnail\"><img decoding=\"async\" width=\"300\" height=\"300\" src=\"https:\/\/grupoaspas.com\/wp-content\/uploads\/2024\/10\/WhatsApp-Image-2024-12-12-at-01.56.44-1-1-300x300.png\" class=\"attachment-medium size-medium wp-image-451\" alt=\"\" srcset=\"https:\/\/grupoaspas.com\/wp-content\/uploads\/2024\/10\/WhatsApp-Image-2024-12-12-at-01.56.44-1-1-300x300.png 300w, https:\/\/grupoaspas.com\/wp-content\/uploads\/2024\/10\/WhatsApp-Image-2024-12-12-at-01.56.44-1-1-150x150.png 150w, https:\/\/grupoaspas.com\/wp-content\/uploads\/2024\/10\/WhatsApp-Image-2024-12-12-at-01.56.44-1-1.png 590w\" sizes=\"(max-width: 300px) 100vw, 300px\" \/><\/div>\n\t\t<\/a>\n\t\t\t\t<div class=\"elementor-post__text\">\n\t\t\t\t<h3 class=\"elementor-post__title\">\n\t\t\t<a href=\"https:\/\/grupoaspas.com\/?p=154\" >\n\t\t\t\tJo\u00e3o Silva\t\t\t<\/a>\n\t\t<\/h3>\n\t\t\t\t<div class=\"elementor-post__meta-data\">\n\t\t\t\t\t<span class=\"elementor-post-date\">\n\t\t\t27 de outubro de 2024\t\t<\/span>\n\t\t\t\t<\/div>\n\t\t\t\t<div class=\"elementor-post__excerpt\">\n\t\t\t<p>UI\/UX Designer, Graduando em Ci\u00eancia da Computa\u00e7\u00e3o pela UFRPE. Atua como Pesquisador pelo InnovaGovLab da UFRPE, com experi\u00eancia no MEJ e de Design Gr\u00e1fico. Pesquisa sobre o uso do Design em solu\u00e7\u00f5es de digitais, Deceptive Patterns e Design Expeculativo.<\/p>\n\t\t<\/div>\n\t\t\t\t<\/div>\n\t\t\t\t<\/article>\n\t\t\t\t<article class=\"elementor-post elementor-grid-item post-342 post type-post status-publish format-standard has-post-thumbnail hentry category-pesquisadores\">\n\t\t\t\t<a class=\"elementor-post__thumbnail__link\" href=\"https:\/\/grupoaspas.com\/?p=342\" tabindex=\"-1\" >\n\t\t\t<div class=\"elementor-post__thumbnail\"><img decoding=\"async\" width=\"300\" height=\"300\" src=\"https:\/\/grupoaspas.com\/wp-content\/uploads\/2024\/12\/steffano-300x300.jpg\" class=\"attachment-medium size-medium wp-image-387\" alt=\"\" srcset=\"https:\/\/grupoaspas.com\/wp-content\/uploads\/2024\/12\/steffano-300x300.jpg 300w, https:\/\/grupoaspas.com\/wp-content\/uploads\/2024\/12\/steffano-150x150.jpg 150w, https:\/\/grupoaspas.com\/wp-content\/uploads\/2024\/12\/steffano-768x768.jpg 768w, https:\/\/grupoaspas.com\/wp-content\/uploads\/2024\/12\/steffano.jpg 800w\" sizes=\"(max-width: 300px) 100vw, 300px\" \/><\/div>\n\t\t<\/a>\n\t\t\t\t<div class=\"elementor-post__text\">\n\t\t\t\t<h3 class=\"elementor-post__title\">\n\t\t\t<a href=\"https:\/\/grupoaspas.com\/?p=342\" >\n\t\t\t\tSteffano Pereira\t\t\t<\/a>\n\t\t<\/h3>\n\t\t\t\t<div class=\"elementor-post__meta-data\">\n\t\t\t\t\t<span class=\"elementor-post-date\">\n\t\t\t11 de dezembro de 2024\t\t<\/span>\n\t\t\t\t<\/div>\n\t\t\t\t<div class=\"elementor-post__excerpt\">\n\t\t\t<p>Engenheiro de Software, Graduando em Ci\u00eancia da Computa\u00e7\u00e3o pela UFRPE. Atuo como pesquisador pelo ASPAS, com experi\u00eancia em IA Generativa e Desenvolvimento de Software.<\/p>\n\t\t<\/div>\n\t\t\t\t<\/div>\n\t\t\t\t<\/article>\n\t\t\t\t<article class=\"elementor-post elementor-grid-item post-393 post type-post status-publish format-standard has-post-thumbnail hentry category-pesquisadores\">\n\t\t\t\t<a class=\"elementor-post__thumbnail__link\" href=\"https:\/\/grupoaspas.com\/?p=393\" tabindex=\"-1\" >\n\t\t\t<div class=\"elementor-post__thumbnail\"><img loading=\"lazy\" decoding=\"async\" width=\"300\" height=\"300\" src=\"https:\/\/grupoaspas.com\/wp-content\/uploads\/2024\/12\/rayane-1-300x300.jpg\" class=\"attachment-medium size-medium wp-image-398\" alt=\"\" srcset=\"https:\/\/grupoaspas.com\/wp-content\/uploads\/2024\/12\/rayane-1-300x300.jpg 300w, https:\/\/grupoaspas.com\/wp-content\/uploads\/2024\/12\/rayane-1-150x150.jpg 150w, https:\/\/grupoaspas.com\/wp-content\/uploads\/2024\/12\/rayane-1.jpg 761w\" sizes=\"(max-width: 300px) 100vw, 300px\" \/><\/div>\n\t\t<\/a>\n\t\t\t\t<div class=\"elementor-post__text\">\n\t\t\t\t<h3 class=\"elementor-post__title\">\n\t\t\t<a href=\"https:\/\/grupoaspas.com\/?p=393\" >\n\t\t\t\tRayane Alves\t\t\t<\/a>\n\t\t<\/h3>\n\t\t\t\t<div class=\"elementor-post__meta-data\">\n\t\t\t\t\t<span class=\"elementor-post-date\">\n\t\t\t12 de dezembro de 2024\t\t<\/span>\n\t\t\t\t<\/div>\n\t\t\t\t<div class=\"elementor-post__excerpt\">\n\t\t\t<p>Analista Funcional. Graduanda em Ci\u00eancia da Computa\u00e7\u00e3o. Pesquisadora do grupo ASPAS com interesse em Seguran\u00e7a e Privacidade infantil<\/p>\n\t\t<\/div>\n\t\t\t\t<\/div>\n\t\t\t\t<\/article>\n\t\t\t\t<article class=\"elementor-post elementor-grid-item post-410 post type-post status-publish format-standard has-post-thumbnail hentry category-pesquisadores\">\n\t\t\t\t<a class=\"elementor-post__thumbnail__link\" href=\"https:\/\/grupoaspas.com\/?p=410\" tabindex=\"-1\" >\n\t\t\t<div class=\"elementor-post__thumbnail\"><img loading=\"lazy\" decoding=\"async\" width=\"300\" height=\"300\" src=\"https:\/\/grupoaspas.com\/wp-content\/uploads\/2024\/12\/aildison-300x300.jpeg\" class=\"attachment-medium size-medium wp-image-411\" alt=\"\" srcset=\"https:\/\/grupoaspas.com\/wp-content\/uploads\/2024\/12\/aildison-300x300.jpeg 300w, https:\/\/grupoaspas.com\/wp-content\/uploads\/2024\/12\/aildison-150x150.jpeg 150w, https:\/\/grupoaspas.com\/wp-content\/uploads\/2024\/12\/aildison-768x768.jpeg 768w, https:\/\/grupoaspas.com\/wp-content\/uploads\/2024\/12\/aildison.jpeg 800w\" sizes=\"(max-width: 300px) 100vw, 300px\" \/><\/div>\n\t\t<\/a>\n\t\t\t\t<div class=\"elementor-post__text\">\n\t\t\t\t<h3 class=\"elementor-post__title\">\n\t\t\t<a href=\"https:\/\/grupoaspas.com\/?p=410\" >\n\t\t\t\tAildson Ferreira\t\t\t<\/a>\n\t\t<\/h3>\n\t\t\t\t<div class=\"elementor-post__meta-data\">\n\t\t\t\t\t<span class=\"elementor-post-date\">\n\t\t\t12 de dezembro de 2024\t\t<\/span>\n\t\t\t\t<\/div>\n\t\t\t\t<div class=\"elementor-post__excerpt\">\n\t\t\t<p>Engenheiro de Software Frontend e graduando em Ci\u00eancia da Computa\u00e7\u00e3o pela UFRPE. Interessado em solu\u00e7\u00f5es acess\u00edveis que impactem e as pessoas e na promo\u00e7\u00e3o de visibilidade e inclus\u00e3o \u00e0 comunidade LGBTQIAP+.<\/p>\n\t\t<\/div>\n\t\t\t\t<\/div>\n\t\t\t\t<\/article>\n\t\t\t\t<article class=\"elementor-post elementor-grid-item post-425 post type-post status-publish format-standard has-post-thumbnail hentry category-pesquisadores\">\n\t\t\t\t<a class=\"elementor-post__thumbnail__link\" href=\"https:\/\/grupoaspas.com\/?p=425\" tabindex=\"-1\" >\n\t\t\t<div class=\"elementor-post__thumbnail\"><img loading=\"lazy\" decoding=\"async\" width=\"300\" height=\"270\" src=\"https:\/\/grupoaspas.com\/wp-content\/uploads\/2024\/12\/WhatsApp-Image-2024-12-15-at-00.29.44-e1761655039116-300x270.jpeg\" class=\"attachment-medium size-medium wp-image-583\" alt=\"\" srcset=\"https:\/\/grupoaspas.com\/wp-content\/uploads\/2024\/12\/WhatsApp-Image-2024-12-15-at-00.29.44-e1761655039116-300x270.jpeg 300w, https:\/\/grupoaspas.com\/wp-content\/uploads\/2024\/12\/WhatsApp-Image-2024-12-15-at-00.29.44-e1761655039116.jpeg 708w\" sizes=\"(max-width: 300px) 100vw, 300px\" \/><\/div>\n\t\t<\/a>\n\t\t\t\t<div class=\"elementor-post__text\">\n\t\t\t\t<h3 class=\"elementor-post__title\">\n\t\t\t<a href=\"https:\/\/grupoaspas.com\/?p=425\" >\n\t\t\t\tFirmo Batista\t\t\t<\/a>\n\t\t<\/h3>\n\t\t\t\t<div class=\"elementor-post__meta-data\">\n\t\t\t\t\t<span class=\"elementor-post-date\">\n\t\t\t12 de dezembro de 2024\t\t<\/span>\n\t\t\t\t<\/div>\n\t\t\t\t<div class=\"elementor-post__excerpt\">\n\t\t\t<p>Mestrando em Inform\u00e1tica Aplicada PPGIA \u2013 UFRPE, Professor, UI\/UX Designer, Game Designer Web Designer, Graduando em Licenciatura em Computa\u00e7\u00e3o Pela UFRPE e Engenheiro Agr\u00f4nomo pela UFRPE. Atuo como pesquisador pelo ASPAS.<\/p>\n\t\t<\/div>\n\t\t\t\t<\/div>\n\t\t\t\t<\/article>\n\t\t\t\t<article class=\"elementor-post elementor-grid-item post-508 post type-post status-publish format-standard has-post-thumbnail hentry category-pesquisadores\">\n\t\t\t\t<a class=\"elementor-post__thumbnail__link\" href=\"https:\/\/grupoaspas.com\/?p=508\" tabindex=\"-1\" >\n\t\t\t<div class=\"elementor-post__thumbnail\"><img loading=\"lazy\" decoding=\"async\" width=\"291\" height=\"300\" src=\"https:\/\/grupoaspas.com\/wp-content\/uploads\/2024\/12\/WhatsApp-Image-2024-12-12-at-18.34.14-291x300.jpeg\" class=\"attachment-medium size-medium wp-image-511\" alt=\"\" srcset=\"https:\/\/grupoaspas.com\/wp-content\/uploads\/2024\/12\/WhatsApp-Image-2024-12-12-at-18.34.14-291x300.jpeg 291w, https:\/\/grupoaspas.com\/wp-content\/uploads\/2024\/12\/WhatsApp-Image-2024-12-12-at-18.34.14.jpeg 614w\" sizes=\"(max-width: 291px) 100vw, 291px\" \/><\/div>\n\t\t<\/a>\n\t\t\t\t<div class=\"elementor-post__text\">\n\t\t\t\t<h3 class=\"elementor-post__title\">\n\t\t\t<a href=\"https:\/\/grupoaspas.com\/?p=508\" >\n\t\t\t\tArthur Seabra\t\t\t<\/a>\n\t\t<\/h3>\n\t\t\t\t<div class=\"elementor-post__meta-data\">\n\t\t\t\t\t<span class=\"elementor-post-date\">\n\t\t\t12 de dezembro de 2024\t\t<\/span>\n\t\t\t\t<\/div>\n\t\t\t\t<div class=\"elementor-post__excerpt\">\n\t\t\t<p>Designer, artista e Estudante de Ci\u00eancia da Computa\u00e7\u00e3o na UFRPE, interessado por ensino e impactos sociais causados pela tecnologia. Auxiliar no grupo ASPAS, desenvolvedor no L.A.S.E.R, explorando intera\u00e7\u00f5es homem-rob\u00f4 e tecnologias inclusivas.<\/p>\n\t\t<\/div>\n\t\t\t\t<\/div>\n\t\t\t\t<\/article>\n\t\t\t\t<article class=\"elementor-post elementor-grid-item post-629 post type-post status-publish format-standard has-post-thumbnail hentry category-pesquisadores\">\n\t\t\t\t<a class=\"elementor-post__thumbnail__link\" href=\"https:\/\/grupoaspas.com\/?p=629\" tabindex=\"-1\" >\n\t\t\t<div class=\"elementor-post__thumbnail\"><img loading=\"lazy\" decoding=\"async\" width=\"300\" height=\"300\" src=\"https:\/\/grupoaspas.com\/wp-content\/uploads\/2024\/12\/1727617789460-300x300.jpeg\" class=\"attachment-medium size-medium wp-image-430\" alt=\"\" srcset=\"https:\/\/grupoaspas.com\/wp-content\/uploads\/2024\/12\/1727617789460-300x300.jpeg 300w, https:\/\/grupoaspas.com\/wp-content\/uploads\/2024\/12\/1727617789460-150x150.jpeg 150w, https:\/\/grupoaspas.com\/wp-content\/uploads\/2024\/12\/1727617789460-768x768.jpeg 768w, https:\/\/grupoaspas.com\/wp-content\/uploads\/2024\/12\/1727617789460.jpeg 800w\" sizes=\"(max-width: 300px) 100vw, 300px\" \/><\/div>\n\t\t<\/a>\n\t\t\t\t<div class=\"elementor-post__text\">\n\t\t\t\t<h3 class=\"elementor-post__title\">\n\t\t\t<a href=\"https:\/\/grupoaspas.com\/?p=629\" >\n\t\t\t\tMaria Rebelo\t\t\t<\/a>\n\t\t<\/h3>\n\t\t\t\t<div class=\"elementor-post__meta-data\">\n\t\t\t\t\t<span class=\"elementor-post-date\">\n\t\t\t23 de janeiro de 2025\t\t<\/span>\n\t\t\t\t<\/div>\n\t\t\t\t<div class=\"elementor-post__excerpt\">\n\t\t\t<p>QA Engineer na Amazon e Mestre em Inform\u00e1tica Aplicada pela UFRPE. Atua como pesquisadora no grupo ASPAS, focando primariamente em estudos acerca de privacidade e leis de prote\u00e7\u00e3o de dados; processos de neg\u00f3cio e requisitos; e design manipulativo.<\/p>\n\t\t<\/div>\n\t\t\t\t<\/div>\n\t\t\t\t<\/article>\n\t\t\t\t<article class=\"elementor-post elementor-grid-item post-1151 post type-post status-publish format-standard has-post-thumbnail hentry category-pesquisadores\">\n\t\t\t\t<a class=\"elementor-post__thumbnail__link\" href=\"https:\/\/grupoaspas.com\/?p=1151\" tabindex=\"-1\" >\n\t\t\t<div class=\"elementor-post__thumbnail\"><img loading=\"lazy\" decoding=\"async\" width=\"300\" height=\"225\" src=\"https:\/\/grupoaspas.com\/wp-content\/uploads\/2025\/05\/WhatsApp-Image-2025-05-29-at-10.14.56-300x225.jpeg\" class=\"attachment-medium size-medium wp-image-1152\" alt=\"\" srcset=\"https:\/\/grupoaspas.com\/wp-content\/uploads\/2025\/05\/WhatsApp-Image-2025-05-29-at-10.14.56-300x225.jpeg 300w, https:\/\/grupoaspas.com\/wp-content\/uploads\/2025\/05\/WhatsApp-Image-2025-05-29-at-10.14.56-1024x767.jpeg 1024w, https:\/\/grupoaspas.com\/wp-content\/uploads\/2025\/05\/WhatsApp-Image-2025-05-29-at-10.14.56-768x575.jpeg 768w, https:\/\/grupoaspas.com\/wp-content\/uploads\/2025\/05\/WhatsApp-Image-2025-05-29-at-10.14.56.jpeg 1280w\" sizes=\"(max-width: 300px) 100vw, 300px\" \/><\/div>\n\t\t<\/a>\n\t\t\t\t<div class=\"elementor-post__text\">\n\t\t\t\t<h3 class=\"elementor-post__title\">\n\t\t\t<a href=\"https:\/\/grupoaspas.com\/?p=1151\" >\n\t\t\t\tLucas Venancio\t\t\t<\/a>\n\t\t<\/h3>\n\t\t\t\t<div class=\"elementor-post__meta-data\">\n\t\t\t\t\t<span class=\"elementor-post-date\">\n\t\t\t29 de maio de 2025\t\t<\/span>\n\t\t\t\t<\/div>\n\t\t\t\t<div class=\"elementor-post__excerpt\">\n\t\t\t<p>Desenvolvedor de software, Graduando em Ci\u00eancia da Computa\u00e7\u00e3o pela UFRPE. Atua como desenvolvedor front-end na Embrapa, com experi\u00eancia no Movimento Empresa J\u00fanior. Pesquisa sobre uso de design manipulativo em plataformas digitais.<\/p>\n\t\t<\/div>\n\t\t\t\t<\/div>\n\t\t\t\t<\/article>\n\t\t\t\t<\/div>\n\t\t\t\t\t<span class=\"e-load-more-spinner\">\n\t\t\t\t<svg aria-hidden=\"true\" class=\"e-font-icon-svg e-fas-spinner\" viewBox=\"0 0 512 512\" xmlns=\"http:\/\/www.w3.org\/2000\/svg\"><path d=\"M304 48c0 26.51-21.49 48-48 48s-48-21.49-48-48 21.49-48 48-48 48 21.49 48 48zm-48 368c-26.51 0-48 21.49-48 48s21.49 48 48 48 48-21.49 48-48-21.49-48-48-48zm208-208c-26.51 0-48 21.49-48 48s21.49 48 48 48 48-21.49 48-48-21.49-48-48-48zM96 256c0-26.51-21.49-48-48-48S0 229.49 0 256s21.49 48 48 48 48-21.49 48-48zm12.922 99.078c-26.51 0-48 21.49-48 48s21.49 48 48 48 48-21.49 48-48c0-26.509-21.491-48-48-48zm294.156 0c-26.51 0-48 21.49-48 48s21.49 48 48 48 48-21.49 48-48c0-26.509-21.49-48-48-48zM108.922 60.922c-26.51 0-48 21.49-48 48s21.49 48 48 48 48-21.49 48-48-21.491-48-48-48z\"><\/path><\/svg>\t\t\t<\/span>\n\t\t\n\t\t\t\t\t\t<\/div>\n\t\t\t\t<\/div>\n\t\t\t\t\t<\/div>\n\t\t\t\t<\/div>\n\t\t\t\t<\/div>\n\t\t","protected":false},"excerpt":{"rendered":"","protected":false},"author":2,"featured_media":0,"parent":0,"menu_order":0,"comment_status":"closed","ping_status":"closed","template":"","meta":{"_acf_changed":false,"footnotes":""},"class_list":["post-2306","page","type-page","status-publish","hentry"],"acf":[],"yoast_head":"<!-- This site is optimized with the Yoast SEO plugin v25.3 - https:\/\/yoast.com\/wordpress\/plugins\/seo\/ -->\n<title>Equipe - ASPAS - Aspectos Sociot\u00e9cnicos em Plataformas de Software<\/title>\n<meta name=\"robots\" content=\"index, follow, max-snippet:-1, max-image-preview:large, max-video-preview:-1\" \/>\n<link rel=\"canonical\" href=\"https:\/\/grupoaspas.com\/?page_id=2306\" \/>\n<meta property=\"og:locale\" content=\"pt_BR\" \/>\n<meta property=\"og:type\" content=\"article\" \/>\n<meta property=\"og:title\" content=\"Equipe - ASPAS - Aspectos Sociot\u00e9cnicos em Plataformas de Software\" \/>\n<meta property=\"og:url\" content=\"https:\/\/grupoaspas.com\/?page_id=2306\" \/>\n<meta property=\"og:site_name\" content=\"ASPAS - Aspectos Sociot\u00e9cnicos em Plataformas de Software\" \/>\n<meta property=\"article:modified_time\" content=\"2026-03-09T17:25:42+00:00\" \/>\n<meta name=\"twitter:card\" content=\"summary_large_image\" \/>\n<meta name=\"twitter:label1\" content=\"Est. tempo de leitura\" \/>\n\t<meta name=\"twitter:data1\" content=\"4 minutos\" \/>\n<script type=\"application\/ld+json\" class=\"yoast-schema-graph\">{\"@context\":\"https:\/\/schema.org\",\"@graph\":[{\"@type\":\"WebPage\",\"@id\":\"https:\/\/grupoaspas.com\/?page_id=2306\",\"url\":\"https:\/\/grupoaspas.com\/?page_id=2306\",\"name\":\"Equipe - ASPAS - Aspectos Sociot\u00e9cnicos em Plataformas de Software\",\"isPartOf\":{\"@id\":\"https:\/\/grupoaspas.com\/#website\"},\"datePublished\":\"2025-10-23T12:01:50+00:00\",\"dateModified\":\"2026-03-09T17:25:42+00:00\",\"breadcrumb\":{\"@id\":\"https:\/\/grupoaspas.com\/?page_id=2306#breadcrumb\"},\"inLanguage\":\"pt-BR\",\"potentialAction\":[{\"@type\":\"ReadAction\",\"target\":[\"https:\/\/grupoaspas.com\/?page_id=2306\"]}]},{\"@type\":\"BreadcrumbList\",\"@id\":\"https:\/\/grupoaspas.com\/?page_id=2306#breadcrumb\",\"itemListElement\":[{\"@type\":\"ListItem\",\"position\":1,\"name\":\"In\u00edcio\",\"item\":\"https:\/\/grupoaspas.com\/\"},{\"@type\":\"ListItem\",\"position\":2,\"name\":\"Equipe\"}]},{\"@type\":\"WebSite\",\"@id\":\"https:\/\/grupoaspas.com\/#website\",\"url\":\"https:\/\/grupoaspas.com\/\",\"name\":\"Grupo ASPAS\",\"description\":\"Site do Grupo de Pesquisa de Aspectos Sociot\u00e9cnicos em Plataformas de Software da UFRPE\",\"publisher\":{\"@id\":\"https:\/\/grupoaspas.com\/#organization\"},\"alternateName\":\"ASPAS - Aspectos Sociot\u00e9cnicos em Plataformas de Software\",\"potentialAction\":[{\"@type\":\"SearchAction\",\"target\":{\"@type\":\"EntryPoint\",\"urlTemplate\":\"https:\/\/grupoaspas.com\/?s={search_term_string}\"},\"query-input\":{\"@type\":\"PropertyValueSpecification\",\"valueRequired\":true,\"valueName\":\"search_term_string\"}}],\"inLanguage\":\"pt-BR\"},{\"@type\":\"Organization\",\"@id\":\"https:\/\/grupoaspas.com\/#organization\",\"name\":\"ASPAS - Aspectos Sociot\u00e9cnicos em Plataformas de Software\",\"url\":\"https:\/\/grupoaspas.com\/\",\"logo\":{\"@type\":\"ImageObject\",\"inLanguage\":\"pt-BR\",\"@id\":\"https:\/\/grupoaspas.com\/#\/schema\/logo\/image\/\",\"url\":\"https:\/\/grupoaspas.com\/wp-content\/uploads\/2025\/03\/cropped-Frame-337.png\",\"contentUrl\":\"https:\/\/grupoaspas.com\/wp-content\/uploads\/2025\/03\/cropped-Frame-337.png\",\"width\":319,\"height\":88,\"caption\":\"ASPAS - Aspectos Sociot\u00e9cnicos em Plataformas de Software\"},\"image\":{\"@id\":\"https:\/\/grupoaspas.com\/#\/schema\/logo\/image\/\"}}]}<\/script>\n<!-- \/ Yoast SEO plugin. -->","yoast_head_json":{"title":"Equipe - ASPAS - Aspectos Sociot\u00e9cnicos em Plataformas de Software","robots":{"index":"index","follow":"follow","max-snippet":"max-snippet:-1","max-image-preview":"max-image-preview:large","max-video-preview":"max-video-preview:-1"},"canonical":"https:\/\/grupoaspas.com\/?page_id=2306","og_locale":"pt_BR","og_type":"article","og_title":"Equipe - ASPAS - Aspectos Sociot\u00e9cnicos em Plataformas de Software","og_url":"https:\/\/grupoaspas.com\/?page_id=2306","og_site_name":"ASPAS - Aspectos Sociot\u00e9cnicos em Plataformas de Software","article_modified_time":"2026-03-09T17:25:42+00:00","twitter_card":"summary_large_image","twitter_misc":{"Est. tempo de leitura":"4 minutos"},"schema":{"@context":"https:\/\/schema.org","@graph":[{"@type":"WebPage","@id":"https:\/\/grupoaspas.com\/?page_id=2306","url":"https:\/\/grupoaspas.com\/?page_id=2306","name":"Equipe - ASPAS - Aspectos Sociot\u00e9cnicos em Plataformas de Software","isPartOf":{"@id":"https:\/\/grupoaspas.com\/#website"},"datePublished":"2025-10-23T12:01:50+00:00","dateModified":"2026-03-09T17:25:42+00:00","breadcrumb":{"@id":"https:\/\/grupoaspas.com\/?page_id=2306#breadcrumb"},"inLanguage":"pt-BR","potentialAction":[{"@type":"ReadAction","target":["https:\/\/grupoaspas.com\/?page_id=2306"]}]},{"@type":"BreadcrumbList","@id":"https:\/\/grupoaspas.com\/?page_id=2306#breadcrumb","itemListElement":[{"@type":"ListItem","position":1,"name":"In\u00edcio","item":"https:\/\/grupoaspas.com\/"},{"@type":"ListItem","position":2,"name":"Equipe"}]},{"@type":"WebSite","@id":"https:\/\/grupoaspas.com\/#website","url":"https:\/\/grupoaspas.com\/","name":"Grupo ASPAS","description":"Site do Grupo de Pesquisa de Aspectos Sociot\u00e9cnicos em Plataformas de Software da UFRPE","publisher":{"@id":"https:\/\/grupoaspas.com\/#organization"},"alternateName":"ASPAS - Aspectos Sociot\u00e9cnicos em Plataformas de Software","potentialAction":[{"@type":"SearchAction","target":{"@type":"EntryPoint","urlTemplate":"https:\/\/grupoaspas.com\/?s={search_term_string}"},"query-input":{"@type":"PropertyValueSpecification","valueRequired":true,"valueName":"search_term_string"}}],"inLanguage":"pt-BR"},{"@type":"Organization","@id":"https:\/\/grupoaspas.com\/#organization","name":"ASPAS - Aspectos Sociot\u00e9cnicos em Plataformas de Software","url":"https:\/\/grupoaspas.com\/","logo":{"@type":"ImageObject","inLanguage":"pt-BR","@id":"https:\/\/grupoaspas.com\/#\/schema\/logo\/image\/","url":"https:\/\/grupoaspas.com\/wp-content\/uploads\/2025\/03\/cropped-Frame-337.png","contentUrl":"https:\/\/grupoaspas.com\/wp-content\/uploads\/2025\/03\/cropped-Frame-337.png","width":319,"height":88,"caption":"ASPAS - Aspectos Sociot\u00e9cnicos em Plataformas de Software"},"image":{"@id":"https:\/\/grupoaspas.com\/#\/schema\/logo\/image\/"}}]}},"_links":{"self":[{"href":"https:\/\/grupoaspas.com\/index.php?rest_route=\/wp\/v2\/pages\/2306","targetHints":{"allow":["GET"]}}],"collection":[{"href":"https:\/\/grupoaspas.com\/index.php?rest_route=\/wp\/v2\/pages"}],"about":[{"href":"https:\/\/grupoaspas.com\/index.php?rest_route=\/wp\/v2\/types\/page"}],"author":[{"embeddable":true,"href":"https:\/\/grupoaspas.com\/index.php?rest_route=\/wp\/v2\/users\/2"}],"replies":[{"embeddable":true,"href":"https:\/\/grupoaspas.com\/index.php?rest_route=%2Fwp%2Fv2%2Fcomments&post=2306"}],"version-history":[{"count":19,"href":"https:\/\/grupoaspas.com\/index.php?rest_route=\/wp\/v2\/pages\/2306\/revisions"}],"predecessor-version":[{"id":2424,"href":"https:\/\/grupoaspas.com\/index.php?rest_route=\/wp\/v2\/pages\/2306\/revisions\/2424"}],"wp:attachment":[{"href":"https:\/\/grupoaspas.com\/index.php?rest_route=%2Fwp%2Fv2%2Fmedia&parent=2306"}],"curies":[{"name":"wp","href":"https:\/\/api.w.org\/{rel}","templated":true}]}}